pose -q - 123 = -h*q. Calculate the remainder when q is divided by 22.
19
Let u = -14409 - -14422. Calculate the remainder when 2287 is divided by u.
12
Let a = -508 + 531. Suppose o + a*o - 648 = 0. Calculate the remainder when 296 is divided by o.
26
What is the remainder when (-26)/2964*-582324 - 8/76 is divided by 33?
26
Let p = 277 - 261. Suppose 5*o - 672 = -p*o. Calculate the remainder when 221 is divided by o.
29
Suppose 78 - 818 = -20*r. Let d(i) = 23*i - 59. What is the remainder when d(r) is divided by 13?
12
Calculate the remainder when 196/63*(11 + 7) is divided by 24.
8
Suppose -30 = 4*k - 42. Suppose 0 = -2*q + 5*b + 59, -k*q - b + 117 = b. What is the remainder when 71 is divided by q?
34
Let q(s) = -19*s - 170. Let n(f) = -21*f - 171. Let z(t) = 5*n(t) - 6*q(t). What is the remainder when z(-14) is divided by 85/4 - 7/28?
18
Let t(f) = f**2 + f - 165. What is the remainder when 420 is divided by t(14)?
15
Let b(u) = u + 8. Let a be b(-2). Calculate the remainder when 29 is divided by a + 0 + (0 - 10/(-2)).
7
Let o(l) = -311*l + 1640. Calculate the remainder when o(4) is divided by 166.
64
Suppose -3*f - 3*s + 1149 = 0, -5*f + 8*s - 4*s + 1924 = 0. What is the remainder when f is divided by 217?
167
Suppose -9 = 3*i - 4*k - 28, -4*i + k = -21. Suppose -i*x + 43 = -4*g - 47, -2*g - 90 = -5*x. What is the remainder when 341 is divided by x?
17
Suppose 40 = -11*h + 150. Suppose -29 = -4*j - 145. Let c = j - -67. Calculate the remainder when c is divided by h.
8
Let z = 143 - 16. Suppose -12 = 10*g - 62. Suppose -3*j + g*q = -121, 3*j + q + 2*q = 81. What is the remainder when z is divided by j?
31
Let f be (((-8)/6)/(-2))/(7/42). Suppose -64 = -f*l + 4*o, 4 = -l + 5*o + 24. Let d(s) = -10*s + 4. Calculate the remainder when d(-4) is divided by l.
14
Suppose -3*i - 6 = n, 22*n - 18*n = -4*i. Suppose n*g - 5*y = -0*y + 53, 0 = -y - 4. Calculate the remainder when 57 is divided by g.
2
Let x(h) = 402*h - 68. What is the remainder when x(21) is divided by 25?
24
Suppose -8229 = -69*j + 6*j - 148*j. Calculate the remainder when 264 is divided by j.
30
What is the remainder when -9 + -4 + (-261)/(-21) + (-50586)/(-7) is divided by 52?
50
Calculate the remainder when 11073 is divided by (-2)/(-3)*11622/596.
10
Let l(s) be the second derivative of -s**4/6 - 59*s**3/6 - 39*s**2 + 2*s - 41. What is the remainder when l(-26) is divided by 12?
8
Let o(a) = 37*a**2 - 45*a - 7. Calculate the remainder when o(3) is divided by 66.
59
Suppose -28*l = -5587 - 5958 + 1689. Calculate the remainder when 56669 is divided by l.
349
Suppose l - 4 = 4*c - 2, -3*c + 5*l + 7 = 0. Suppose -110 = -o + 5*j + 1, 660 = 5*o - 4*j. What is the remainder when o is divided by (c - (1 + -4)) + 21?
21
Suppose i - 2*l = 430, 3*i - 1737 = -3*l - 438. What is the remainder when 870 is divided by i?
6
Suppose -23*x = -15*x + 352. Let p = -34 - x. Calculate the remainder when 49 is divided by p + 4 - 4 - -3.
10
Let f be (-28)/16 + 1/(-4). What is the remainder when 0 + 1 - 62/f is divided by 15 - (-4 - ((-100)/350)/((-2)/7))?
12
Suppose -5*m + 70 = 2*k, -106*m - 2*k - 28 = -108*m. What is the remainder when m is divided by 93/33 + 2/11?
2
Let h = 37 - 31. Let c(t) = -33*t**2 + 10 + 34*t**2 - t - 2*t + 2*t. What is the remainder when c(0) is divided by h?
4
Let y = -13 + 338. Let c = -302 + y. What is the remainder when 28 is divided by c?
5
Let t(x) = -22*x + 556. Calculate the remainder when 7858 is divided by t(24).
18
Suppose 5*p = t - 5*t + 8, -4*p + 3*t + 25 = 0. Suppose 16*h = p*h + 180. Calculate the remainder when 133 is divided by h.
13
Let b = 2854 - 2803. Calculate the remainder when 105 is divided by b.
3
Let g(j) = 452*j - 3157. What is the remainder when 5739 is divided by g(7)?
6
Suppose 51*w - 4*z = 56*w - 109, 0 = -5*w + z + 104. What is the remainder when 89 is divided by w?
5
Let g be (5/(-3))/(255/252 + -1). Let z = g - -139. What is the remainder when 9 is divided by 2 - 9/z - 5?
3
Let q(o) = 14*o**2 - o + 1. Let l be q(2). Suppose -2*j + z + 35 = 0, j + 3*z = -3*j + l. What is the remainder when 85 is divided by ((-4)/j)/((-2)/232)?
27
Suppose 0 = 5*g - 3*k - 2*k - 30, 2*k = -2*g + 4. Let a = 6 - 7. Let f = a + 5. What is the remainder when g is divided by f?
0
Suppose -4*f = 5*q - 74, -q - 74 = -5*f + 2*q. Let u = -28 + 31. Suppose -20 = -5*j, -3*m + u*j + 180 = 51. What is the remainder when m is divided by f?
15
Let k(u) = u**3 + 60*u**2 + 780*u + 69. What is the remainder when 144 is divided by k(-41)?
4
Let s be 5 - 7 - (-50 + 1). Let q = s + -44. Suppose -2*v - 8 = 0, -2*v + 5*v + 138 = q*p. Calculate the remainder when p is divided by 11.
9
Suppose -192*f + 188*f = 3*m - 53, 4*f - 107 = -5*m. Suppose 4*r + 2*d = 2*r + 4, -2*r + d = -1. What is the remainder when m is divided by r - ((-42)/2)/3?
3
Let y = -261 - -310. Suppose 0 = -7*r - y + 77. Calculate the remainder when 10 is divided by r.
2
Suppose -590 = -2*n - 95*w + 91*w, 0 = -3*n + 6*w + 909. Calculate the remainder when 7175 is divided by n.
298
Suppose -129*j = 5*n - 127*j - 445, 3*j - 363 = -4*n. Calculate the remainder when 374 is divided by n.
26
Let y(q) = 31*q + 273. Let r be y(0). Let l = r + -260. What is the remainder when 51 is divided by l?
12
Let o(k) = -7*k - 1. What is the remainder when o(-1) is divided by (16 + -15)*(-3)/(-2)*8/3?
2
Let t(y) = 5*y**3 + y**2 + 3*y - 5. Let q be t(1). Suppose q = 19*u - 18*u. Calculate the remainder when 6 is divided by u.
2
Let l(q) = q**3 + 15*q**2 + 43*q + 1. What is the remainder when l(-8) is divided by 22?
17
Suppose -3*j + 3 = 3*x, 0 = 2*j + 4*x - 21 + 9. What is the remainder when ((-1788)/18)/(j/6*1) is divided by 75?
74
Let n(p) = 232*p - 5. Let d be n(3). Suppose -7*x = -d - 198. Calculate the remainder when x is divided by 33.
28
Suppose -21*r - 178 = 10*r - 3278. What is the remainder when 932 is divided by r?
32
Let h(y) = -y**2 + y. Let j(v) = -2*v**2 - 15*v + 24. Let o(m) = -h(m) + j(m). What is the remainder when (-7)/((-14)/(-8)) - -31 is divided by o(-17)?
6
Let t = 65 - 70. Let x be (-14)/35 + 13/t. What is the remainder when 44 is divided by (x/5)/((-1)/25)?
14
Suppose -576 = -25*f - 39*f. Let v be (24/30)/((-1)/65). Let q = v + 92. What is the remainder when q is divided by f?
4
Let d(w) = -12*w**3 - 3*w**2 - 15*w + 56. Let x be d(3). What is the remainder when 13/(-26)*x/1 is divided by 37?
22
Calculate the remainder when 257 is divided by (-15 - (-138)/18)/((8/(-6))/4).
15
Suppose -5 = c + 4*c. What is the remainder when ((-24)/30)/(274/(-270) - c) is divided by 134/11 - (-16)/(-88)?
6
Let k = -37573 - -37818. Calculate the remainder when 3929 is divided by k.
9
Let c(x) = -51*x + 174. Suppose 5*l + 76 = 6*l. What is the remainder when l is divided by c(3)?
13
Let b(s) = 147*s + 6339. Let d = -192 + 277. What is the remainder when d is divided by b(-43)?
13
Suppose -6*q = y - 5*q - 345, 687 = 2*y + q. Suppose w - 4*b = y, 0*w - 4*w + 1357 = -5*b. What is the remainder when w is divided by 11?
8
Suppose 0 = -79*m - 37*m + 22620. Calculate the remainder when m is divided by 98.
97
Let j be ((-5)/(-3))/(8 + 142/(-18)). Suppose j = -891*h + 894*h. What is the remainder when 13 is divided by h?
3
Suppose 15*a = 14*a - 39. Let z be (a/(-6))/((-3)/(-6)). Suppose -z*k + 12*k + 30 = 0. Calculate the remainder when 118 is divided by k.
28
Suppose -117*w - x - 225 = -118*w, 0 = -4*w - 2*x + 870. Calculate the remainder when w is divided by 39.
25
Let r be (-15)/(-8 + 7 + -1*2). What is the remainder when 67 is divided by (47 - (-9 + r))*6/9?
33
Let n = -480 - -462. Calculate the remainder when 3*2/(n/(-753)) is divided by 14.
13
Let o = 3195 - 2983. Calculate the remainder when o is divided by 5.
2
Suppose 39 + 0 = -13*o. Calculate the remainder when 159 is divided by (8 + 0)/(o/(-6)).
15
Suppose -2*w + 2*i + 700 = 0, -397 = 3*w + 5*i - 1447. Let c = -188 + w. What is the remainder when c is divided by 21?
15
Suppose 323 = 17*k - 13*k + r, -3*r - 425 = -5*k. Let h(p) = p**3 - 4*p**2 + p. Let v be h(3). Calculate the remainder when k is divided by (-5 + 8)/(v/(-34)).
14
Let m = 787 + -762. Suppose -3*c + 2*l - 3*l = -54, 94 = 5*c + 3*l. What is the remainder when m is divided by (-2 + 3 + 0)*c?
8
Let s(n) = -7*n**3 + 29*n*